ivisor of k and 9?
9
Let j be 2/8 - (-10982)/136. Suppose 71*k = 63*k + 72. What is the highest common divisor of k and j?
9
Let d(z) = 31 + 6 - 29*z - 17. Let y(g) = -15*g + 10. Let a(l) = 3*d(l) - 5*y(l). Let b be a(-2). What is the highest common factor of b and 34?
34
Let j be 6249100/9196 + 12/(-22). Calculate the highest common divisor of 2813 and j.
97
Suppose 0 = 3*k - 6*k + 60. Suppose 73 = 2*f - 3*b - 80, -f + 77 = -b. Suppose 9*d - 642 - f = 0. Calculate the greatest common factor of d and k.
20
Let v = -1293 + 1510. What is the highest common divisor of v and 7?
7
Let x = -163 + 191. Let u be 0 - 21/(-1)*x/42. What is the highest common divisor of u and 434?
14
Let d(g) = -1 - 71123*g + 71127*g - 2 + 7*g**2. Let m be (-7)/2 - (-2)/(-4). Let f be d(m). Calculate the highest common factor of f and 62.
31
Suppose 26*w - 4*u - 24 = 29*w, -u = w + 8. Let m be 801/17 - w/(-68). Calculate the greatest common factor of 376 and m.
47
Suppose 41*r - 330 = 654. Let b be 46/6 + (-1)/(-3). Calculate the greatest common divisor of r and b.
8
Suppose 4*o = x + 148 - 28, 0 = 3*x. Suppose -92 - 298 = -s. What is the highest common factor of o and s?
30
Let l(f) = -f - 4. Let g be l(-6). Suppose -120 - 156 = -2*y - d, -5*d = 5*y - 680. Suppose 0 = p + 122 - y. Calculate the greatest common factor of p and g.
2
Let o(u) = 2*u**2 + 78. Let n(k) = -k + 9. Let s be n(9). Let d be o(s). Suppose d = -4*y + 6*y. What is the greatest common factor of 78 and y?
39
Let i = 0 + 43. Let f = i + -40. Suppose -5*m + 13 = w, -w + 10 = f*m - 9. What is the greatest common divisor of w and 7?
7
Let j = 11513 + -9212. Calculate the greatest common divisor of 78 and j.
39
Let x(f) = -8*f + 12. Let z(l) = 3*l**2 - 2*l. Let k be z(-2). Let h be x(k). Let p be h/(-10) - (23/5 - 5). What is the greatest common divisor of 12 and p?
12
Suppose 0 = -2*z - r + 26115, 18*r - 17*r = -3*z + 39169. Calculate the highest common divisor of 642 and z.
214
Suppose 75*p + 84 = 89*p. Suppose -4*x - 3 = 5*n - p*n, 2*x = 2*n - 30. Suppose 3*b + b - 76 = 0. Calculate the highest common factor of b and n.
19
Let m be 10/75 - (-1 - (-68)/60). Suppose -3*g - g + 4 = m. What is the highest common divisor of 1 and g?
1
Suppose -5*d + 1135 = 5*b, -b = -d - 108 - 113. Let p be 27/(-2 - (1 + -4)). Suppose -l + 5 = -p. Calculate the highest common divisor of b and l.
32
Suppose -3*p + 3*r + 0*r = 12, 2*p - 5*r = -2. Let a be (-42)/7 - p - -3. Calculate the greatest common factor of 9 and a.
3
Let j(l) = 3*l + 1. Let i be j(-1). Let b be 5 - 6 - (-2 + i). Suppose -5*x + b + 117 = 0. Calculate the greatest common factor of 8 and x.
8
Let z be 55/(-25)*(-25)/(-10)*2. Let u be (-2)/((-1)/z + 3087/(-22099)). What is the greatest common divisor of 2 and u?
1
Let h(g) = -g**3 - 33*g**2 + 32*g - 64. Let b be h(-34). Suppose -b*y = -3*z + 7*z - 348, 5*y + 2*z - 444 = 0. Calculate the highest common divisor of 30 and y.
30
Suppose -3*b + 64 = -20. Suppose 13 = s + 5*h, 5*h - 10 = -5*s + 15. Let x be 266/(-57)*s/(-2). Calculate the greatest common divisor of b and x.
7
Suppose 156*o = 33*o + 21894. Calculate the highest common factor of o and 3649.
89
Let j = 74 + -32. Let i be 84*(-6)/(-8)*28/j. What is the highest common factor of i and 98?
14
Let a(u) = 54*u**3 + 12*u**2 - 4*u - 8. Let d be a(1). What is the highest common divisor of 6 and d?
6
Let s(y) = 77*y**3 + 2*y**2 - 164*y + 163. Let r be s(1). Let f = 72 + -42. What is the highest common factor of r and f?
6
Let m = 167 - 93. Let l = m - -56. Calculate the greatest common factor of 52 and l.
26
Suppose 1039 - 214 = 75*r. Let h(l) = l - 7. Let j be h(7). Suppose -4*u = -4*n - 340, j*n + 5*n = -u + 103. What is the highest common factor of r and u?
11
Let c = 77 + 63. Suppose -31*p + 45*p - c = 0. What is the greatest common divisor of 75 and p?
5
Let v = 618 - 610. Let i be v + (-384)/(-6) - 0. Calculate the greatest common divisor of 54 and i.
18
Let s = -7424 + 7598. Calculate the highest common divisor of s and 43674.
174
Suppose 4*v - 2*v = 10. Let a = -93153 - -93160. Calculate the highest common factor of a and v.
1
Let n = -1 + 6. Suppose 23 = -n*p + 78. Suppose 0 = p*u - 7*u - 4. Calculate the greatest common divisor of u and 1.
1
Suppose 71 + 58 = -2*h + z, 5*h + z + 305 = 0. Let j = h + 65. Suppose 4*f - 4*c = 60, 5*f + 0*c - j*c - 65 = 0. What is the highest common divisor of 70 and f?
10
Let x be (-22)/(-2) + -13 + 6. Let y be (3 - x)/((-9)/612). Let n = -2 + 19. What is the highest common factor of y and n?
17
Let x = 5690 - 5613. Calculate the greatest common factor of 2310 and x.
77
Let i = -1228 + 2619. Suppose i = -4*t - 9*t. Let k = t + 131. What is the highest common factor of 36 and k?
12
Let w be -1 + -2 + -5 + 1229 + -1. Suppose -10*l + 6*l + w = 0. Let p be l - ((-15)/(-5) + 1). Calculate the highest common factor of 43 and p.
43
Let g(a) = 54*a + 2010. Let y be g(-37). Calculate the greatest common divisor of 1359 and y.
3
Suppose 2*p = 3*p - 27. Suppose 2*f + 27 - 1 = 0. Let a = p - f. Calculate the highest common divisor of 100 and a.
20
Suppose -c = -3*c - 978. Let r = -401 - c. What is the greatest common divisor of 110 and r?
22
Let v(t) = -2*t**3 - 25*t**2 + 73*t - 304. Let s be v(-17). Suppose -5*n = -0*n - 165. What is the highest common factor of n and s?
33
Suppose -2*t - 77 + 504 = -89. What is the highest common divisor of 645 and t?
129
Let k(t) = -t**3 - 34*t**2 - 217*t - 156. Let h be k(-26). Calculate the highest common divisor of h and 102.
6
Suppose -3 = x, 3*z - 3 = x + 9. Suppose -4 + 22 = z*s. Suppose 0 = -s*p + 255 + 135. What is the highest common divisor of 13 and p?
13
Suppose -n = y - 716, 0*y = 5*y - 3*n - 3564. Suppose -22*c = -5*c - y. Calculate the highest common factor of 77 and c.
7
Let x(o) = -o**3 + 11*o**2 + 8*o - 55. Let i be x(5). Calculate the greatest common factor of i and 160.
5
Suppose n + 9*n + 366 = 11*n. What is the highest common divisor of 427 and n?
61
Let u = 29054 + -28466. Calculate the highest common divisor of 8484 and u.
84
Suppose -6*r = -2*r - 636. Suppose -4*w = m - 581, -r = 20*w - 21*w - 3*m. Calculate the greatest common factor of 360 and w.
72
Let o = 4166 + -3815. What is the highest common factor of o and 4446?
117
Let k = -47 - -47. Suppose k = 3*n + 4*v - 81, -n + 5*v + 0*v = -27. What is the greatest common factor of 459 and n?
27
Let a = -19906 + 19928. Calculate the highest common factor of a and 1771.
11
Let l be 5 - (-56 - (-14)/7). Suppose l = -3*p + 4*p. What is the highest common factor of 236 and p?
59
Suppose -34*j + 81*j - 1620 = 27*j. Calculate the greatest common divisor of 6804 and j.
81
Let g be (6 - (-7733)/1)/(-4 - 45/(-9)). Calculate the greatest common divisor of g and 71.
71
Let w(l) = -6*l - 90. Let c be (4*6/(-72))/((-2)/(-102)). Let g be w(c). What is the greatest common factor of g and 156?
12
Let b be (165/44 + -5)*-1*660. Calculate the highest common factor of 350 and b.
25
Let r be (78/4)/(((-3)/(-1))/18). Let s = 422 - 404. What is the highest common divisor of r and s?
9
Let h be ((-1200)/140)/((-18)/336). What is the highest common divisor of 3680 and h?
160
Let x be 3/(15/4)*50/4. Let h(m) = 4*m - 21 - m + 3*m + m**2. Let j be h(7). What is the highest common divisor of x and j?
10
Let u = 2 - 3. Suppose 89 = 15*j - 61. Let l be 72/5 + u - 4/j. Calculate the highest common factor of l and 1.
1
Suppose 2*q - 14 - 10 = 0. Let c = -410 + 707. Suppose -5*t + c = 3*f, 3*t + 3*f - 175 = -2*f. Calculate the highest common factor of q and t.
12
Let i(c) = 156*c**3 + 41*c**2 - 87*c + 2. Let x be i(2). What is the highest common factor of 15 and x?
5
Suppose 5*s = m + 59, 2*m - 15 = -3*s + 23. Let o be (1 - -1957) + 5/((-10)/s). Calculate the greatest common divisor of 61 and o.
61
Suppose -12*s + 724 + 2271 = -293. Calculate the highest common factor of s and 3.
1
Suppose 5*o + 2*i - 323 = -38, 5*o - 3*i = 285. Suppose -12 = -54*t + o*t. Let r be (-4)/((-34)/(-9) + t). What is the highest common divisor of 252 and r?
18
Suppose -34*k = 2311 - 22337. Calculate the highest common divisor of k and 992.
31
Let p be -2 + 8/6*3 - 0. Let x be 20/(1 + 1) - (-2)/p. Let a = 29 - x. What is the greatest common divisor of a and 45?
9
Let l(y) = -